 factor of r and q.
6
Let m(r) = -r**2 + 22*r - 30. Let x be m(20). Suppose 3*j + 14 = 38. Suppose -j = 2*u, 4*y = 2*y - 4*u - 6. What is the greatest common factor of x and y?
5
Let q be (2/6)/(7/630). Suppose 0 = -669*o + 679*o - q. Calculate the greatest common factor of 51 and o.
3
Let t be 3/(-5) - (-2369)/115. Suppose t*h = 678 + 282. Suppose -5*r = 33 - 93. What is the greatest common divisor of r and h?
12
Let v(i) = 168*i - 56. Let b be v(6). Suppose -7*o = -0*o - b. What is the highest common factor of o and 17?
17
Suppose 9*w - 4*w = 60. Suppose 0 = -10*s + w*s - 702. Suppose -5*b = 5*l - 4*b - 197, 2*l = 3*b + 72. Calculate the greatest common divisor of l and s.
39
Suppose 0 = 162*p + 245*p - 30118. What is the highest common divisor of 814 and p?
74
Let v be 2165*(-1)/(-5) + (112/4)/4. Suppose 5*l = 202 - 2. Calculate the greatest common factor of l and v.
40
Suppose -232 = -21*x + 17*x. Let k be 3*(-16)/24 - 1*x. Let q = -48 - k. What is the highest common divisor of q and 12?
12
Let g be (1 + 0)*-3 - -41. Let j be (-20)/(-15) + ((-512)/(-12) - 3). Let i = j - g. What is the greatest common factor of i and 33?
3
Let a be ((-16)/3)/((-8)/24). Suppose 11*b = 6*b + 4*k + 508, -2*b - k + 185 = 0. What is the highest common factor of a and b?
16
Let q(x) = x**3 - 12*x**2 + 10*x + 15. Let d = 104 + -93. Let u be q(d). Suppose 0 = -o - 2, 4*o + 18 = 2*f - o. Calculate the highest common factor of u and f.
4
Let j = 4078 - 4012. Calculate the highest common divisor of j and 1914.
66
Let m = 18874 + -16703. What is the greatest common factor of m and 169?
13
Suppose -5 = -s, 10*s = 3*l + 12*s - 13. Let n be 44 + (5 - (l + 0)). What is the highest common divisor of 3 and n?
3
Let r = 52 - 49. Let u(j) = 3*j + 2. Let n be u(4). Suppose 5*z + k + k = 44, -r*z + 5*k = -n. What is the greatest common factor of 32 and z?
8
Let s = 77 - 68. Suppose 0 = -4*b + 8, -4*x + 52 = s*b - 11*b. What is the highest common factor of 224 and x?
14
Let w(n) = n + 8. Let i be w(6). Let m(p) = 2*p**3 - 7*p**2 - 16*p + 26. Let l be m(5). Calculate the greatest common factor of i and l.
7
Suppose -1474 - 1454 = -5*s - 3*d, 5*d = -20. What is the highest common factor of s and 216?
12
Let u(f) = 12*f**3 + 12*f**2 - 12*f + 15. Let k be u(3). What is the greatest common divisor of k and 1781?
137
Let w be 6/(-10) + 1896/(-15). Let o = 125 + w. Let t be (0/1 - 30/(-6)) + o. Calculate the greatest common divisor of t and 27.
3
Suppose -2*k + 109 = -141. Suppose -10*b + 3180 - 660 = 0. Suppose 2*s + 60 = 3*s + 5*m, -5*s = m - b. What is the greatest common divisor of s and k?
25
Let n(k) = 3*k**3 - k**2 + 3*k - 2. Let m be n(1). Suppose r - 6*r + 185 = 2*f, -m*f + 272 = 2*r. Calculate the highest common divisor of f and 10.
10
Suppose -33 = 5*q - 48. Let m be 3/(-2) - q/6*-143. What is the greatest common divisor of 42 and m?
14
Suppose 3*x - 32 = x. Let s = 7660 - 7612. What is the greatest common factor of s and x?
16
Suppose -3*d + 113 = 2*a, -d + 37 = -2*a + 2. What is the highest common factor of 1665 and d?
37
Let q = 14 + -10. Let p = -149 + 209. Suppose -5*m + p = 5*n, -52 = m - 3*m + 5*n. Calculate the highest common factor of q and m.
4
Suppose -3*c + 553 = 4*n, 2*n + 16*c - 15*c = 279. Calculate the highest common factor of n and 2201.
71
Let z = 36 + -26. Suppose 1376*l + 7 = 1375*l. Let h be 4/((-16)/z)*l*2. Calculate the greatest common divisor of h and 105.
35
Let f = -18 - -30. Let o(w) be the third derivative of -w**6/120 + w**5/10 - w**4/6 + 7*w**2. Let t be o(4). Calculate the greatest common factor of f and t.
4
Suppose -107*l = -2795 - 18391. Calculate the highest common factor of l and 6930.
198
Suppose -5*x + 458 = -34*h + 37*h, -15*h + 530 = 5*x. What is the highest common divisor of x and 99?
11
Let s(r) = -r**3 + 8*r**2 - 12*r + 36. Let j be s(12). Let y = j - -774. What is the greatest common factor of 510 and y?
30
Let g = 542 - 374. Suppose -4*v = 7 - 15. Suppose 4*o = 4*z - 161 - 11, -v = 2*o. What is the greatest common factor of z and g?
42
Let d = 31197 - 31080. Calculate the highest common factor of 65 and d.
13
Let t be 1 + (2 + 1)*-3. Let n be t/216*-6 + 124/9. Calculate the greatest common divisor of 98 and n.
14
Let t = -1776 - -4168. What is the highest common divisor of 312 and t?
104
Suppose -11123*p + 525 = -11098*p. What is the highest common divisor of 30324 and p?
21
Let z(l) = -24*l**2 + l + 1. Let o be z(-1). Let k = -10 - o. Suppose 2*d - 38 = -k. Calculate the highest common divisor of 3 and d.
3
Suppose -20*n + 21*n = 75. Suppose -2*b - n = 3*b. Let d be ((-12996)/b)/6 - (-2)/(-5). What is the highest common factor of 9 and d?
9
Let k(o) = -9*o - 45. Let m be k(-9). Suppose -44*x + 48*x = m. What is the greatest common divisor of x and 225?
9
Suppose 21 = 3*g, -h + 137*g = 134*g + 16. What is the highest common divisor of 2185 and h?
5
Let p = -8520 - -8523. What is the highest common divisor of p and 61?
1
Let o = -7 - -12. Suppose 0 = 11*q - q - 1600. What is the greatest common factor of o and q?
5
Let v(m) = -3*m**3 - 84*m**2 + 4*m + 144. Let y be v(-28). Let g(c) = 7*c**2 + 5*c + 4. Let t be g(-4). What is the highest common divisor of y and t?
32
Let t be (-2)/(-5 + (-11)/(-2)). Let z(y) = 5*y - y**2 - 9 + 2*y**2 + 18. Let b be z(t). Calculate the highest common divisor of b and 15.
5
Let h be (-8)/6*(-4)/8*3. Suppose l + h*q - 7 = 20, -4*q + 117 = 5*l. What is the greatest common divisor of l and 21?
21
Let w = 5380 - 5009. Calculate the greatest common factor of 21 and w.
7
Let f be 13 - 4 - 55/11. Suppose -f*q - g - 3*g + 20 = 0, 0 = -3*g. What is the highest common divisor of q and 335?
5
Let y = -439289 + 439294. Let p be (-58)/(-4) + 3/(-6). Suppose v - p = 26. Calculate the highest common factor of y and v.
5
Suppose -m + 216 = 4*w, -m - 114 = -2*w - 0*m. Suppose w*t + 266 = 74*t. What is the highest common divisor of 168 and t?
14
Let b be (-324)/180*1250/(-15). What is the greatest common divisor of 12 and b?
6
Let w be 252 + -6 + 3 - 6. Let z = w + -225. What is the greatest common divisor of 198 and z?
18
Let m(i) = i**3 - 3*i + 135. Let t be m(0). Suppose -1 = -8*r + t. Calculate the greatest common divisor of 731 and r.
17
Let m(w) = -1745*w + 10486. Let c be m(6). Let n(l) = 9*l - 2. Let u be n(-2). Let q be (-5)/1*u/25. Calculate the greatest common factor of c and q.
4
Let c(q) = 2*q**3 + 107*q**2 - 60*q - 320. Let l be c(-54). Calculate the greatest common divisor of l and 9004.
4
Let a = 28041 + -28040. Calculate the greatest common divisor of a and 1031.
1
Let o = -3165 + 4033. Calculate the highest common factor of o and 112.
28
Suppose 2*o - 204 = -5*p, -p + 7*o = 4*o - 51. Suppose -2*w - 458 = -2*l, -223 = -l - 0*l + 4*w. Calculate the highest common factor of l and p.
21
Let r = 17 + -50. Let v(a) = -a**2 - 2*a + 50. Let h be v(-11). Let l = r - h. Calculate the greatest common divisor of 80 and l.
16
Suppose -w - 5 = 0, -6*w = x - w + 23. Suppose y + v = 1029, x*v = -5*y + v + 5149. What is the highest common factor of 10 and y?
10
Let x be ((-72980)/738)/((-4)/18). Calculate the highest common factor of 40 and x.
5
Let s(f) = -f**3 + f**2 + 42*f - 11. Let d be s(6). Let x be (-60 + d)/(0 - -1). Suppose 0 = -6*v + 4*v + 8. Calculate the highest common divisor of v and x.
1
Let j(p) = -p**3 + 5*p**2 + 160*p - 38. Let s be j(15). Calculate the highest common factor of s and 7168.
112
Suppose -112*d - 1731 = -3635. Calculate the greatest common divisor of d and 4590.
17
Let n = -167 - -13. Let j be 15/(118/532 + 22/n). Calculate the greatest common divisor of 285 and j.
95
Suppose 2273*v = 2271*v + 418. What is the highest common divisor of 57 and v?
19
Let y(t) = 214*t + 813. Let h be y(-3). Let r = -2 + 6. Suppose -22 - 14 = -r*p. Calculate the highest common divisor of p and h.
9
Let q be 312/12*-2*(-69)/(-12). Let d = q - -409. What is the greatest common factor of d and 70?
10
Let g(j) = 6082*j - 19117. Let q be g(6). What is the greatest common factor of q and 125?
125
Let x(u) = -34*u - 34. Let n be x(-5). Let v(s) = s**2 - 8*s + 17. Let z be v(8). What is the greatest common factor of z and n?
17
Let z = 88 + -31. Let b(l) = -6*l - 42. Let w be b(-7). Suppose 0 = 4*q + 3*m - w*m